number?
True
Is 5447 a prime number?
False
Is 50191 prime?
False
Is 104777 prime?
False
Is 745103 composite?
False
Is 13259 composite?
False
Is 100043 a prime number?
True
Is 10607 composite?
False
Is 1214503 prime?
False
Is 419 a prime number?
True
Is 2054729 composite?
False
Is 3669 a composite number?
True
Is 68161 composite?
False
Is 58271 a prime number?
True
Is 5890813 a composite number?
False
Is 1211 prime?
False
Is 654397 composite?
False
Is 1157 a composite number?
True
Is 5279 a prime number?
True
Is 1217 prime?
True
Is 3371 a composite number?
False
Is 6613 prime?
False
Is 61763 composite?
True
Is 120287 prime?
False
Is 30007 composite?
True
Is 1823 a prime number?
True
Is 1026119 a prime number?
True
Is 481751 a prime number?
True
Is 143953 a prime number?
True
Is 750451 prime?
False
Is 1918733 a composite number?
False
Is 24061 composite?
False
Is 571 prime?
True
Is 44351 composite?
False
Is 238859 a composite number?
False
Is 150107 prime?
True
Is 128111 a prime number?
True
Is 3271 composite?
False
Is 182639 composite?
False
Is 265231 a composite number?
False
Is 879523 a prime number?
True
Is 17041 composite?
False
Is 155119 prime?
True
Is 4229 composite?
False
Is 232478 a composite number?
True
Is 33973 composite?
True
Is 48721 composite?
True
Is 1511 a composite number?
False
Is 5469 prime?
False
Is 11665 a prime number?
False
Is 6787 a composite number?
True
Is 6157 a composite number?
True
Is 24763 composite?
False
Is 60209 a prime number?
True
Is 62779 composite?
True
Is 605329 a composite number?
False
Is 41893 a prime number?
True
Is 2141989 prime?
False
Is 14347 prime?
True
Is 161 composite?
True
Is 36587 composite?
False
Is 683 composite?
False
Is 5615 a prime number?
False
Is 13291 a prime number?
True
Is 7466 a composite number?
True
Is 27043 composite?
False
Is 9007 composite?
False
Is 217847 prime?
False
Is 20409 composite?
True
Is 898503 a prime number?
False
Is 148139 prime?
True
Is 26121 a prime number?
False
Is 980789 a composite number?
True
Is 4493 a composite number?
False
Is 3214 a composite number?
True
Is 26669 a prime number?
True
Is 168193 a prime number?
True
Is 11281 composite?
True
Is 34495 a composite number?
True
Is 143053 a composite number?
False
Is 541361 a composite number?
False
Is 21653 composite?
True
Is 1061 prime?
True
Is 169555 prime?
False
Is 208447 a prime number?
False
Is 5501 a composite number?
False
Is 723893 a composite number?
False
Is 10873 a prime number?
False
Is 37211 a prime number?
False
Is 852919 composite?
True
Is 213121 composite?
True
Is 3755 a composite number?
True
Is 14671 a prime number?
False
Is 4903 a composite number?
False
Is 6297 prime?
False
Is 2413721 a prime number?
True
Is 701669 a prime number?
True
Is 92593 a prime number?
True
Is 22367 a composite number?
False
Is 462097 a composite number?
False
Is 380483 prime?
True
Is 45083 prime?
True
Is 3323663 composite?
True
Is 127 composite?
False
Is 522787 a prime number?
True
Is 2813 prime?
False
Is 3359 composite?
False
Is 807931 composite?
False
Is 2939 a prime number?
True
Is 3347 a composite number?
False
Is 2094233 a prime number?
True
Is 445583 prime?
True
Is 115939 prime?
False
Is 3239 a composite number?
True
Is 12499 a prime number?
False
Is 107507 a prime number?
True
Is 767827 a prime number?
True
Is 55381 a composite number?
False
Is 19541 a composite number?
False
Is 8499 a prime number?
False
Is 14501 prime?
False
Is 55966 a prime number?
False
Is 1042921 composite?
True
Is 505067 a composite number?
False
Is 3877 prime?
True
Is 11549 a prime number?
True
Is 177409 a composite number?
False
Is 135319 a composite number?
False
Is 266257 prime?
False
Is 645179 a prime number?
True
Is 16503 composite?
True
Is 357079 composite?
False
Is 2429 prime?
False
Is 5017 composite?
True
Is 11677 a prime number?
True
Is 29101 a prime number?
True
Is 103507 composite?
True
Is 24394 composite?
True
Is 258074 a composite number?
True
Is 7721 prime?
False
Is 710119 prime?
True
Is 1181177 composite?
True
Is 14109 composite?
True
Is 300217 composite?
True
Is 11027 a prime number?
True
Is 876287 composite?
False
Is 73599 a prime number?
False
Is 24907 composite?
False
Is 1322141 a prime number?
False
Is 20831 composite?
True
Is 24935 prime?
False
Is 230722 composite?
True
Is 113869 a composite number?
True
Is 96731 a composite number?
False
Is 1761 prime?
False
Is 243898 a prime number?
False
Is 569033 a composite number?
True
Is 545485 composite?
True
Is 88699 composite?
True
Is 20089 a prime number?
True
Is 32493 a prime number?
False
Is 3033971 composite?
False
Is 55589 prime?
True
Is 86109 a prime number?
False
Is 21127 composite?
True
Is 3984231 a composite number?
True
Is 1319 prime?
True
Is 3741653 prime?
True
Is 51231 composite?
True
Is 3709 a prime number?
True
Is 52285 a prime number?
False
Is 2099 composite?
False
Is 21799 a prime number?
True
Is 1402 composite?
True
Is 73582 a prime number?
False
Is 19066 a prime number?
False
Is 728261 prime?
True
Is 834659 a prime number?
False
Is 10499 prime?
True
Is 145387 composite?
True
Is 16591 composite?
True
Is 93767 a prime number?
False
Is 379 a prime number?
True
Is 29215 a composite number?
True
Is 2925343 a composite number?
True
Is 7013 prime?
True
Is 5969 composite?
True
Is 13801 a composite number?
True
Is 691 a composite number?
False
Is 201389 a composite number?
False
Is 170741 a composite number?
False
Is 331651 a composite number?
False
Is 138365 composite?
True
Is 111147 prime?
False
Is 14603 composite?
True
Is 1073597 a prime number?
False
Is 395671 a prime number?
True
Is 138251 prime?
True
Is 117509 a composite number?
True
Is 285139 prime?
True
Is 262077 a prime number?
False
Is 9722 a prime number?
False
Is 176497 a prime number?
True
Is 4709 a composite number?
True
Is 11639 composite?
True
Is 25391 a composite number?
False
Is 1081 composite?
True
Is 445345 a composite number?
True
Is 2039 a prime number?
True
Is 74131 prime?
True
Is 3493 composite?
True
Is 2060735 a prime number?
False
Is 96043 prime?
True
Is 37391 a prime number?
False
Is 164317 a composite number?
True
Is 2767 a prime number?
True
Is 13589 prime?
False
Is 3481 a composite number?
True
Is 71129 prime?
True
Is 346739 a prime number?
True
Is 125183 prime?
True
Is 1345723 a composite number?
True
Is 4229 composite?
False
Is 203531 composite?
False
Is 211 composite?
False
Is 541 a composite number?
False
Is 157513 a prime number?
True
Is 1480483 a prime number?
True
Is 1054769 prime?
True
Is 27899 prime?
False
Is 30197 a composite number?
False
Is 42221 composite?
False
Is 19174 a prime number?
False
Is 69365 a composite number?
True
Is 2309 composite?
False
Is 22739 prime?
True
Is 2302 prime?
False
Is 9677 a composite number?
False
Is 239417 a composite number?
False
Is 254557 a composite number?
False
Is 163 prime?
True
Is 52879 prime?
True
Is 799 composite?
True
Is 6469 a prime number?
True
Is 4279 composite?
True
Is 8663 prime?
True
Is 1053397 prime?
False
Is 6723545 a prime number?
False
Is 558521 a composite number?
False
Is 12007 composite?
False
Is 23915 a prime number?
False
Is 270899 a composite number?
False
Is 541 a composite number?
False
Is 54133 composite?
False
Is 66719 a prime number?
False
Is 10499 prime?
True
Is 526 a composite number?
True
Is 1304299 composite?
False
Is 49103 prime?
True
Is 3236743 a prime number?
True
Is 135611 prime?
False
Is 51605 a composite number?
True
Is 103745 prime?
False
Is 22343 prime?
True
Is 349862 a prime number?
False
Is 5953 prime?
True
Is 4991009 a composite number?
False
Is 165329 a composite number?
True
Is 2420615 a prime number?
False
Is 1950215 composite?
True
Is 90493 prime?
False
Is 101899 composite?
True
Is 612497 prime?
True
Is 121991 a composite number?
True
Is 7493 prime?
False
Is 993679 a prime number?
True
Is 28751 prime?
True
Is 455681 composite?
False
Is 3589 composite?
True
Is 399041 a prime number?
False
Is 1793303 a prime number?
True
Is 930091 a prime number?
False
Is 113941 a composite number?
True
Is 6337 a composite number?
False
Is 2963 composite?
False
Is 30731 a composite number?
True
Is 199921 prime?
True
Is 567022 a prime number?
False
Is 125791 prime?
True
Is 54361 a composite number?
False
Is